{"id":473,"date":"2022-10-05T08:12:40","date_gmt":"2022-10-05T11:12:40","guid":{"rendered":"https:\/\/patria.org.br\/portaldatransparencia\/?page_id=473"},"modified":"2025-06-24T10:29:14","modified_gmt":"2025-06-24T13:29:14","slug":"balanco-e-demonstrativos-contabeis","status":"publish","type":"page","link":"https:\/\/patria.org.br\/portaldatransparencia\/balanco-e-demonstrativos-contabeis\/","title":{"rendered":"Balan\u00e7o e Demonstrativos Cont\u00e1beis"},"content":{"rendered":"<section class=\"l-section wpb_row us_custom_81e2deb4 has_text_color height_medium\"><div class=\"l-section-h i-cf\"><div class=\"g-cols vc_row via_grid cols_1 laptops-cols_inherit tablets-cols_inherit mobiles-cols_1 valign_top type_default stacking_default\"><div class=\"wpb_column vc_column_container\"><div class=\"vc_column-inner\"><h2 class=\"w-post-elm post_title us_custom_55db6c80 has_text_color entry-title color_link_inherit\">Balan\u00e7o e Demonstrativos Cont\u00e1beis<\/h2><\/div><\/div><\/div><\/div><\/section><section class=\"l-section wpb_row height_medium width_full\"><div class=\"l-section-h i-cf\"><div class=\"g-cols vc_row via_grid cols_1 laptops-cols_inherit tablets-cols_inherit mobiles-cols_1 valign_top type_boxes stacking_default\"><div class=\"wpb_column vc_column_container\"><div class=\"vc_column-inner\"><div class=\"g-cols wpb_row via_grid cols_4 laptops-cols_inherit tablets-cols_inherit mobiles-cols_1 valign_top type_default stacking_default\"><div class=\"wpb_column vc_column_container\"><div class=\"vc_column-inner\"><div class=\"w-btn-wrapper align_none\"><a class=\"w-btn us-btn-style_2 us_custom_0432f9aa icon_atright\" target=\"_blank\" href=\"https:\/\/patria.org.br\/portaldatransparencia\/wp-content\/uploads\/2022\/09\/BALANCOS-E-DEMONSTRATIVOS-CONTABEIS_2016-5.pdf\" rel=\"noopener\"><span class=\"w-btn-label\">BALAN\u00c7OS E DEMONSTRATIVOS CONT\u00c1BEIS_2016<\/span><i class=\"fal fa-download\"><\/i><\/a><\/div><\/div><\/div><div class=\"wpb_column vc_column_container\"><div class=\"vc_column-inner\"><div class=\"w-btn-wrapper align_none\"><a class=\"w-btn us-btn-style_2 us_custom_0432f9aa icon_atright\" target=\"_blank\" href=\"https:\/\/patria.org.br\/portaldatransparencia\/wp-content\/uploads\/2022\/09\/BALANCOS-E-DEMONSTRATIVOS-CONTABEIS_2017-4.pdf\" rel=\"noopener\"><span class=\"w-btn-label\">BALAN\u00c7OS E DEMONSTRATIVOS CONT\u00c1BEIS_2017<\/span><i class=\"fal fa-download\"><\/i><\/a><\/div><\/div><\/div><div class=\"wpb_column vc_column_container\"><div class=\"vc_column-inner\"><div class=\"w-btn-wrapper align_none\"><a class=\"w-btn us-btn-style_2 us_custom_0432f9aa icon_atright\" target=\"_blank\" href=\"https:\/\/patria.org.br\/portaldatransparencia\/wp-content\/uploads\/2022\/09\/BALANCOS-E-DEMONSTRATIVOS-CONTABEIS_2018-3.pdf\" rel=\"noopener\"><span class=\"w-btn-label\">BALAN\u00c7OS E DEMONSTRATIVOS CONT\u00c1BEIS_2018<\/span><i class=\"fal fa-download\"><\/i><\/a><\/div><\/div><\/div><div class=\"wpb_column vc_column_container\"><div class=\"vc_column-inner\"><div class=\"w-btn-wrapper align_none\"><a class=\"w-btn us-btn-style_2 us_custom_0432f9aa icon_atright\" target=\"_blank\" href=\"https:\/\/patria.org.br\/portaldatransparencia\/wp-content\/uploads\/2022\/09\/BALANCOS-E-DEMONSTRATIVOS-CONTABEIS_2019-2.pdf\" rel=\"noopener\"><span class=\"w-btn-label\">BALAN\u00c7OS E DEMONSTRATIVOS CONT\u00c1BEIS_2019<\/span><i class=\"fal fa-download\"><\/i><\/a><\/div><\/div><\/div><\/div><div class=\"g-cols wpb_row via_grid cols_4 laptops-cols_inherit tablets-cols_inherit mobiles-cols_1 valign_top type_default stacking_default\"><div class=\"wpb_column vc_column_container\"><div class=\"vc_column-inner\"><div class=\"w-btn-wrapper align_none\"><a class=\"w-btn us-btn-style_2 us_custom_0432f9aa icon_atright\" target=\"_blank\" href=\"https:\/\/patria.org.br\/portaldatransparencia\/wp-content\/uploads\/2022\/09\/BALANCOS-E-DEMONSTRATIVOS-CONTABEIS_2020-1.pdf\" rel=\"noopener\"><span class=\"w-btn-label\">BALAN\u00c7OS E DEMONSTRATIVOS CONT\u00c1BEIS_2020<\/span><i class=\"fal fa-download\"><\/i><\/a><\/div><div class=\"w-btn-wrapper align_none\"><a class=\"w-btn us-btn-style_2 us_custom_0432f9aa icon_atright\" target=\"_blank\" href=\"https:\/\/patria.org.br\/portaldatransparencia\/wp-content\/uploads\/2025\/06\/Balanco_Demonstrativos_Ano_2024.pdf\" rel=\"noopener\"><span class=\"w-btn-label\">BALAN\u00c7OS E DEMONSTRATIVOS CONT\u00c1BEIS_2024<\/span><i class=\"fal fa-download\"><\/i><\/a><\/div><\/div><\/div><div class=\"wpb_column vc_column_container\"><div class=\"vc_column-inner\"><div class=\"w-btn-wrapper align_none\"><a class=\"w-btn us-btn-style_2 us_custom_0432f9aa icon_atright\" target=\"_blank\" href=\"https:\/\/patria.org.br\/portaldatransparencia\/wp-content\/uploads\/2022\/09\/BALANCOS-E-DEMONSTRATIVOS-CONTABEIS_2021.pdf\" rel=\"noopener\"><span class=\"w-btn-label\">BALAN\u00c7OS E DEMONSTRATIVOS CONT\u00c1BEIS_2021<\/span><i class=\"fal fa-download\"><\/i><\/a><\/div><\/div><\/div><div class=\"wpb_column vc_column_container\"><div class=\"vc_column-inner\"><div class=\"w-btn-wrapper align_none\"><a class=\"w-btn us-btn-style_2 us_custom_0432f9aa icon_atright\" target=\"_blank\" href=\"https:\/\/patria.org.br\/portaldatransparencia\/wp-content\/uploads\/2023\/05\/Balanco_Demonstrativos_Ano_2022.pdf\" rel=\"noopener\"><span class=\"w-btn-label\">BALAN\u00c7OS E DEMONSTRATIVOS CONT\u00c1BEIS_2022<\/span><i class=\"fal fa-download\"><\/i><\/a><\/div><\/div><\/div><div class=\"wpb_column vc_column_container\"><div class=\"vc_column-inner\"><div class=\"w-btn-wrapper align_none\"><a class=\"w-btn us-btn-style_2 us_custom_0432f9aa icon_atright\" target=\"_blank\" href=\"https:\/\/patria.org.br\/portaldatransparencia\/wp-content\/uploads\/2024\/06\/Balanco_Demonstrativos_Ano_2023.pdf\" rel=\"noopener\"><span class=\"w-btn-label\">BALAN\u00c7OS E DEMONSTRATIVOS CONT\u00c1BEIS_2023<\/span><i class=\"fal fa-download\"><\/i><\/a><\/div><\/div><\/div><\/div><\/div><\/div><\/div><\/div><\/section>\n","protected":false},"excerpt":{"rendered":"Balan\u00e7o e Demonstrativos Cont\u00e1beisBALAN\u00c7OS E DEMONSTRATIVOS CONT\u00c1BEIS_2016BALAN\u00c7OS E DEMONSTRATIVOS CONT\u00c1BEIS_2017BALAN\u00c7OS E DEMONSTRATIVOS CONT\u00c1BEIS_2018BALAN\u00c7OS E DEMONSTRATIVOS CONT\u00c1BEIS_2019BALAN\u00c7OS E DEMONSTRATIVOS CONT\u00c1BEIS_2020BALAN\u00c7OS E DEMONSTRATIVOS CONT\u00c1BEIS_2024BALAN\u00c7OS E DEMONSTRATIVOS CONT\u00c1BEIS_2021BALAN\u00c7OS E DEMONSTRATIVOS CONT\u00c1BEIS_2022BALAN\u00c7OS E DEMONSTRATIVOS CONT\u00c1BEIS_2023","protected":false},"author":1,"featured_media":0,"parent":0,"menu_order":0,"comment_status":"closed","ping_status":"closed","template":"","meta":{"footnotes":""},"class_list":["post-473","page","type-page","status-publish","hentry"],"_links":{"self":[{"href":"https:\/\/patria.org.br\/portaldatransparencia\/wp-json\/wp\/v2\/pages\/473","targetHints":{"allow":["GET"]}}],"collection":[{"href":"https:\/\/patria.org.br\/portaldatransparencia\/wp-json\/wp\/v2\/pages"}],"about":[{"href":"https:\/\/patria.org.br\/portaldatransparencia\/wp-json\/wp\/v2\/types\/page"}],"author":[{"embeddable":true,"href":"https:\/\/patria.org.br\/portaldatransparencia\/wp-json\/wp\/v2\/users\/1"}],"replies":[{"embeddable":true,"href":"https:\/\/patria.org.br\/portaldatransparencia\/wp-json\/wp\/v2\/comments?post=473"}],"version-history":[{"count":25,"href":"https:\/\/patria.org.br\/portaldatransparencia\/wp-json\/wp\/v2\/pages\/473\/revisions"}],"predecessor-version":[{"id":3079,"href":"https:\/\/patria.org.br\/portaldatransparencia\/wp-json\/wp\/v2\/pages\/473\/revisions\/3079"}],"wp:attachment":[{"href":"https:\/\/patria.org.br\/portaldatransparencia\/wp-json\/wp\/v2\/media?parent=473"}],"curies":[{"name":"wp","href":"https:\/\/api.w.org\/{rel}","templated":true}]}}